{"id":4831,"date":"2025-09-25T13:24:45","date_gmt":"2025-09-25T11:24:45","guid":{"rendered":"https:\/\/bienvenuelahaut.fr\/?page_id=4831"},"modified":"2025-09-25T13:50:04","modified_gmt":"2025-09-25T11:50:04","slug":"la-societe-des-nouveaux-commanditaires","status":"publish","type":"page","link":"https:\/\/bienvenuelahaut.fr\/index.php\/la-societe-des-nouveaux-commanditaires\/","title":{"rendered":"La soci\u00e9t\u00e9 des Nouveaux commanditaires"},"content":{"rendered":"\t\t<div data-elementor-type=\"wp-page\" data-elementor-id=\"4831\" class=\"elementor elementor-4831\">\n\t\t\t\t\t\t<section class=\"elementor-section elementor-top-section elementor-element elementor-element-47c11cf elementor-section-boxed elementor-section-height-default elementor-section-height-default\" data-id=\"47c11cf\" data-element_type=\"section\">\n\t\t\t\t\t\t<div class=\"elementor-container elementor-column-gap-default\">\n\t\t\t\t\t<div class=\"elementor-column elementor-col-100 elementor-top-column elementor-element elementor-element-4430d9b\" data-id=\"4430d9b\" data-element_type=\"column\">\n\t\t\t<div class=\"elementor-widget-wrap elementor-element-populated\">\n\t\t\t\t\t\t<div class=\"elementor-element elementor-element-311b210 elementor-widget elementor-widget-spacer\" data-id=\"311b210\" data-element_type=\"widget\" data-widget_type=\"spacer.default\">\n\t\t\t\t<div class=\"elementor-widget-container\">\n\t\t\t\t\t\t\t<div class=\"elementor-spacer\">\n\t\t\t<div class=\"elementor-spacer-inner\"><\/div>\n\t\t<\/div>\n\t\t\t\t\t\t<\/div>\n\t\t\t\t<\/div>\n\t\t\t\t\t<\/div>\n\t\t<\/div>\n\t\t\t\t\t<\/div>\n\t\t<\/section>\n\t\t\t\t<section class=\"elementor-section elementor-top-section elementor-element elementor-element-dddcb5f elementor-section-boxed elementor-section-height-default elementor-section-height-default\" data-id=\"dddcb5f\" data-element_type=\"section\">\n\t\t\t\t\t\t<div class=\"elementor-container elementor-column-gap-default\">\n\t\t\t\t\t<div class=\"elementor-column elementor-col-100 elementor-top-column elementor-element elementor-element-67e8308\" data-id=\"67e8308\" data-element_type=\"column\">\n\t\t\t<div class=\"elementor-widget-wrap elementor-element-populated\">\n\t\t\t\t\t\t<div class=\"elementor-element elementor-element-f5fece3 elementor-widget__width-initial elementor-widget elementor-widget-heading\" data-id=\"f5fece3\" data-element_type=\"widget\" data-widget_type=\"heading.default\">\n\t\t\t\t<div class=\"elementor-widget-container\">\n\t\t\t\t\t<h3 class=\"elementor-heading-title elementor-size-default\">La soci\u00e9t\u00e9 des Nouveaux commanditaires<\/h3>\t\t\t\t<\/div>\n\t\t\t\t<\/div>\n\t\t\t\t\t<\/div>\n\t\t<\/div>\n\t\t\t\t\t<\/div>\n\t\t<\/section>\n\t\t\t\t<section class=\"elementor-section elementor-top-section elementor-element elementor-element-783ee90 elementor-section-boxed elementor-section-height-default elementor-section-height-default\" data-id=\"783ee90\" data-element_type=\"section\">\n\t\t\t\t\t\t<div class=\"elementor-container elementor-column-gap-default\">\n\t\t\t\t\t<div class=\"elementor-column elementor-col-100 elementor-top-column elementor-element elementor-element-a8e2fae\" data-id=\"a8e2fae\" data-element_type=\"column\">\n\t\t\t<div class=\"elementor-widget-wrap elementor-element-populated\">\n\t\t\t\t\t\t<div class=\"elementor-element elementor-element-344ed35 elementor-widget elementor-widget-text-editor\" data-id=\"344ed35\" data-element_type=\"widget\" data-widget_type=\"text-editor.default\">\n\t\t\t\t<div class=\"elementor-widget-container\">\n\t\t\t\t\t\t\t\t\t<p><strong>Romain Barr\u00e9, responsable de Bienvenue l\u00e0-haut, est depuis 2025 m\u00e9diateur relais de la Soci\u00e9t\u00e9 des Nouveaux commanditaire dans la r\u00e9gion Provence-Alpes-C\u00f4te d\u2019Azur.<\/strong><br \/><br \/><strong>L\u2019action Nouveaux commanditaires permet \u00e0 des groupe de personnes de s\u2019associer \u00e0 des artistes et de commander des \u0153uvres d\u2019art r\u00e9pondant aux enjeux qui sont les leurs. Elle s\u2019adresse \u00e0 tous\u00b7tes, habitant\u00b7es de petites ou grandes villes, de communes rurales ou de grandes m\u00e9tropoles, quels que soient leurs \u00e2ges, origines, lieux de vie, etc. Elle repose sur un accompagnement tr\u00e8s sp\u00e9cialis\u00e9\u00a0: celui de m\u00e9diateurs et m\u00e9diatrices form\u00e9\u00b7es et agr\u00e9\u00e9\u00b7es.<br \/><br \/>Lanc\u00e9 au d\u00e9but des ann\u00e9es 1990 par Fondation de France, le protocole artistique des Nouveaux commanditaires propos\u00e9 par l\u2019artiste Fran\u00e7ois Hers a permis la cr\u00e9ation de plus de 500 \u0153uvres en France et dans le monde, dans des contextes tr\u00e8s vari\u00e9s et des disciplines diverses\u202f: arts visuels, design, th\u00e9\u00e2tre, litt\u00e9rature, cin\u00e9ma, musique, architecture, sciences ou encore bande dessin\u00e9e.<br \/><br \/>Depuis 2020, l\u2019association la Soci\u00e9t\u00e9 des Nouveaux commanditaires f\u00e9d\u00e8re le r\u00e9seau de m\u00e9diateurs et m\u00e9diatrices et porte le d\u00e9veloppement de cette action gr\u00e2ce au soutien du minist\u00e8re de la Culture et de la Fondation de France.<br \/><br \/>Si vous avez un projet de commande dans le Guillestrois Queyras ou alentours, n&rsquo;h\u00e9sitez pas \u00e0 contacter Bienvenue l\u00e0-haut : contact@bienvenuelahaut.fr<\/strong><\/p>\t\t\t\t\t\t\t\t<\/div>\n\t\t\t\t<\/div>\n\t\t\t\t<div class=\"elementor-element elementor-element-bdd98f3 elementor-widget elementor-widget-image\" data-id=\"bdd98f3\" data-element_type=\"widget\" data-widget_type=\"image.default\">\n\t\t\t\t<div class=\"elementor-widget-container\">\n\t\t\t\t\t\t\t\t\t\t\t\t\t\t\t<img fetchpriority=\"high\" decoding=\"async\" width=\"768\" height=\"768\" src=\"https:\/\/bienvenuelahaut.fr\/wp-content\/uploads\/2025\/09\/logo-la-societe-des-nouveaux-commanditaires-768x768.jpeg\" class=\"attachment-medium_large size-medium_large wp-image-4840\" alt=\"\" srcset=\"https:\/\/bienvenuelahaut.fr\/wp-content\/uploads\/2025\/09\/logo-la-societe-des-nouveaux-commanditaires-768x768.jpeg 768w, https:\/\/bienvenuelahaut.fr\/wp-content\/uploads\/2025\/09\/logo-la-societe-des-nouveaux-commanditaires-300x300.jpeg 300w, https:\/\/bienvenuelahaut.fr\/wp-content\/uploads\/2025\/09\/logo-la-societe-des-nouveaux-commanditaires-1024x1024.jpeg 1024w, https:\/\/bienvenuelahaut.fr\/wp-content\/uploads\/2025\/09\/logo-la-societe-des-nouveaux-commanditaires-150x150.jpeg 150w, https:\/\/bienvenuelahaut.fr\/wp-content\/uploads\/2025\/09\/logo-la-societe-des-nouveaux-commanditaires.jpeg 1305w\" sizes=\"(max-width: 768px) 100vw, 768px\" \/>\t\t\t\t\t\t\t\t\t\t\t\t\t\t\t<\/div>\n\t\t\t\t<\/div>\n\t\t\t\t<div class=\"elementor-element elementor-element-7787c24 elementor-widget elementor-widget-spacer\" data-id=\"7787c24\" data-element_type=\"widget\" data-widget_type=\"spacer.default\">\n\t\t\t\t<div class=\"elementor-widget-container\">\n\t\t\t\t\t\t\t<div class=\"elementor-spacer\">\n\t\t\t<div class=\"elementor-spacer-inner\"><\/div>\n\t\t<\/div>\n\t\t\t\t\t\t<\/div>\n\t\t\t\t<\/div>\n\t\t\t\t\t<\/div>\n\t\t<\/div>\n\t\t\t\t\t<\/div>\n\t\t<\/section>\n\t\t\t\t<section class=\"elementor-section elementor-top-section elementor-element elementor-element-8be11b4 elementor-section-boxed elementor-section-height-default elementor-section-height-default\" data-id=\"8be11b4\" data-element_type=\"section\">\n\t\t\t\t\t\t<div class=\"elementor-container elementor-column-gap-default\">\n\t\t\t\t\t<div class=\"elementor-column elementor-col-100 elementor-top-column elementor-element elementor-element-025d83b\" data-id=\"025d83b\" data-element_type=\"column\">\n\t\t\t<div class=\"elementor-widget-wrap elementor-element-populated\">\n\t\t\t\t\t\t<div class=\"elementor-element elementor-element-f5b06c0 elementor-widget elementor-widget-spacer\" data-id=\"f5b06c0\" data-element_type=\"widget\" data-widget_type=\"spacer.default\">\n\t\t\t\t<div class=\"elementor-widget-container\">\n\t\t\t\t\t\t\t<div class=\"elementor-spacer\">\n\t\t\t<div class=\"elementor-spacer-inner\"><\/div>\n\t\t<\/div>\n\t\t\t\t\t\t<\/div>\n\t\t\t\t<\/div>\n\t\t\t\t\t<\/div>\n\t\t<\/div>\n\t\t\t\t\t<\/div>\n\t\t<\/section>\n\t\t\t\t<\/div>\n\t\t","protected":false},"excerpt":{"rendered":"<p>La soci\u00e9t\u00e9 des Nouveaux commanditaires Romain Barr\u00e9, responsable de Bienvenue l\u00e0-haut, est depuis 2025 m\u00e9diateur relais de la Soci\u00e9t\u00e9 des Nouveaux commanditaire dans la r\u00e9gion Provence-Alpes-C\u00f4te d\u2019Azur. L\u2019action Nouveaux commanditaires permet \u00e0 des groupe de personnes de s\u2019associer \u00e0 des artistes et de commander des \u0153uvres d\u2019art r\u00e9pondant aux enjeux qui sont les leurs. [&hellip;]<\/p>\n","protected":false},"author":2,"featured_media":0,"parent":0,"menu_order":0,"comment_status":"closed","ping_status":"closed","template":"","meta":{"om_disable_all_campaigns":false,"_monsterinsights_skip_tracking":false,"_monsterinsights_sitenote_active":false,"_monsterinsights_sitenote_note":"","_monsterinsights_sitenote_category":0,"site-sidebar-layout":"no-sidebar","site-content-layout":"page-builder","ast-site-content-layout":"full-width-container","site-content-style":"unboxed","site-sidebar-style":"unboxed","ast-global-header-display":"","ast-banner-title-visibility":"","ast-main-header-display":"","ast-hfb-above-header-display":"","ast-hfb-below-header-display":"","ast-hfb-mobile-header-display":"","site-post-title":"disabled","ast-breadcrumbs-content":"","ast-featured-img":"disabled","footer-sml-layout":"","theme-transparent-header-meta":"","adv-header-id-meta":"","stick-header-meta":"","header-above-stick-meta":"","header-main-stick-meta":"","header-below-stick-meta":"","astra-migrate-meta-layouts":"set","ast-page-background-enabled":"default","ast-page-background-meta":{"desktop":{"background-color":"","background-image":"","background-repeat":"repeat","background-position":"center center","background-size":"auto","background-attachment":"scroll","background-type":"","background-media":"","overlay-type":"","overlay-color":"","overlay-gradient":""},"tablet":{"background-color":"","background-image":"","background-repeat":"repeat","background-position":"center center","background-size":"auto","background-attachment":"scroll","background-type":"","background-media":"","overlay-type":"","overlay-color":"","overlay-gradient":""},"mobile":{"background-color":"","background-image":"","background-repeat":"repeat","background-position":"center center","background-size":"auto","background-attachment":"scroll","background-type":"","background-media":"","overlay-type":"","overlay-color":"","overlay-gradient":""}},"ast-content-background-meta":{"desktop":{"background-color":"var(--ast-global-color-5)","background-image":"","background-repeat":"repeat","background-position":"center center","background-size":"auto","background-attachment":"scroll","background-type":"","background-media":"","overlay-type":"","overlay-color":"","overlay-gradient":""},"tablet":{"background-color":"var(--ast-global-color-5)","background-image":"","background-repeat":"repeat","background-position":"center center","background-size":"auto","background-attachment":"scroll","background-type":"","background-media":"","overlay-type":"","overlay-color":"","overlay-gradient":""},"mobile":{"background-color":"var(--ast-global-color-5)","background-image":"","background-repeat":"repeat","background-position":"center center","background-size":"auto","background-attachment":"scroll","background-type":"","background-media":"","overlay-type":"","overlay-color":"","overlay-gradient":""}},"footnotes":""},"class_list":["post-4831","page","type-page","status-publish","hentry"],"aioseo_notices":[],"_links":{"self":[{"href":"https:\/\/bienvenuelahaut.fr\/index.php\/wp-json\/wp\/v2\/pages\/4831","targetHints":{"allow":["GET"]}}],"collection":[{"href":"https:\/\/bienvenuelahaut.fr\/index.php\/wp-json\/wp\/v2\/pages"}],"about":[{"href":"https:\/\/bienvenuelahaut.fr\/index.php\/wp-json\/wp\/v2\/types\/page"}],"author":[{"embeddable":true,"href":"https:\/\/bienvenuelahaut.fr\/index.php\/wp-json\/wp\/v2\/users\/2"}],"replies":[{"embeddable":true,"href":"https:\/\/bienvenuelahaut.fr\/index.php\/wp-json\/wp\/v2\/comments?post=4831"}],"version-history":[{"count":35,"href":"https:\/\/bienvenuelahaut.fr\/index.php\/wp-json\/wp\/v2\/pages\/4831\/revisions"}],"predecessor-version":[{"id":4868,"href":"https:\/\/bienvenuelahaut.fr\/index.php\/wp-json\/wp\/v2\/pages\/4831\/revisions\/4868"}],"wp:attachment":[{"href":"https:\/\/bienvenuelahaut.fr\/index.php\/wp-json\/wp\/v2\/media?parent=4831"}],"curies":[{"name":"wp","href":"https:\/\/api.w.org\/{rel}","templated":true}]}}